[INFO] cloning repository https://github.com/dseevr/assassin
[INFO] running `Command { std: "git" "-c" "credential.helper=" "-c" "credential.helper=/workspace/cargo-home/bin/git-credential-null" "clone" "--bare" "https://github.com/dseevr/assassin" "/workspace/cache/git-repos/https%3A%2F%2Fgithub.com%2Fdseevr%2Fassassin", kill_on_drop: false }`
[INFO] [stderr] Cloning into bare repository '/workspace/cache/git-repos/https%3A%2F%2Fgithub.com%2Fdseevr%2Fassassin'...
[INFO] running `Command { std: "git" "rev-parse" "HEAD", kill_on_drop: false }`
[INFO] [stdout] e0e1390316a5b7fd5b507a2cfaca263201aed68b
[INFO] building dseevr/assassin against master#881c1ac408d93bb7adaa3a51dabab9266e82eee8 for issue-85264
[INFO] running `Command { std: "git" "clone" "/workspace/cache/git-repos/https%3A%2F%2Fgithub.com%2Fdseevr%2Fassassin" "/workspace/builds/worker-12/source", kill_on_drop: false }`
[INFO] [stderr] Cloning into '/workspace/builds/worker-12/source'...
[INFO] [stderr] done.
[INFO] validating manifest of git repo https://github.com/dseevr/assassin on toolchain 881c1ac408d93bb7adaa3a51dabab9266e82eee8
[INFO] running `Command { std: "/workspace/cargo-home/bin/cargo" "+881c1ac408d93bb7adaa3a51dabab9266e82eee8" "metadata" "--manifest-path" "Cargo.toml" "--no-deps", kill_on_drop: false }`
[INFO] started tweaking git repo https://github.com/dseevr/assassin
[INFO] finished tweaking git repo https://github.com/dseevr/assassin
[INFO] tweaked toml for git repo https://github.com/dseevr/assassin written to /workspace/builds/worker-12/source/Cargo.toml
[INFO] crate git repo https://github.com/dseevr/assassin already has a lockfile, it will not be regenerated
[INFO] running `Command { std: "/workspace/cargo-home/bin/cargo" "+881c1ac408d93bb7adaa3a51dabab9266e82eee8" "fetch" "--manifest-path" "Cargo.toml", kill_on_drop: false }`
[INFO] [stderr]  Downloading crates ...
[INFO] [stderr]   Downloaded greenback v0.0.3
[INFO] running `Command { std: "docker" "create" "-v" "/var/lib/crater-agent-workspace/builds/worker-12/target:/opt/rustwide/target:rw,Z" "-v" "/var/lib/crater-agent-workspace/builds/worker-12/source:/opt/rustwide/workdir:ro,Z" "-v" "/var/lib/crater-agent-workspace/cargo-home:/opt/rustwide/cargo-home:ro,Z" "-v" "/var/lib/crater-agent-workspace/rustup-home:/opt/rustwide/rustup-home:ro,Z" "-e" "SOURCE_DIR=/opt/rustwide/workdir" "-e" "CARGO_TARGET_DIR=/opt/rustwide/target" "-e" "CARGO_HOME=/opt/rustwide/cargo-home" "-e" "RUSTUP_HOME=/opt/rustwide/rustup-home" "-w" "/opt/rustwide/workdir" "-m" "1610612736" "--user" "0:0" "--network" "none" "ghcr.io/rust-lang/crates-build-env/linux@sha256:20528e8c29e4536546f0102ce88568b16ea7538393a33fcca951030f7af10457" "/opt/rustwide/cargo-home/bin/cargo" "+881c1ac408d93bb7adaa3a51dabab9266e82eee8" "metadata" "--no-deps" "--format-version=1", kill_on_drop: false }`
[INFO] [stdout] ae200790de7e5c6c1a0845b6140a40cb1ea72c5591b4b200adffcf8b802750cd
[INFO] [stderr] WARNING: Your kernel does not support swap limit capabilities or the cgroup is not mounted. Memory limited without swap.
[INFO] running `Command { std: "docker" "start" "-a" "ae200790de7e5c6c1a0845b6140a40cb1ea72c5591b4b200adffcf8b802750cd", kill_on_drop: false }`
[INFO] running `Command { std: "docker" "inspect" "ae200790de7e5c6c1a0845b6140a40cb1ea72c5591b4b200adffcf8b802750cd", kill_on_drop: false }`
[INFO] running `Command { std: "docker" "rm" "-f" "ae200790de7e5c6c1a0845b6140a40cb1ea72c5591b4b200adffcf8b802750cd", kill_on_drop: false }`
[INFO] [stdout] ae200790de7e5c6c1a0845b6140a40cb1ea72c5591b4b200adffcf8b802750cd
[INFO] running `Command { std: "docker" "create" "-v" "/var/lib/crater-agent-workspace/builds/worker-12/target:/opt/rustwide/target:rw,Z" "-v" "/var/lib/crater-agent-workspace/builds/worker-12/source:/opt/rustwide/workdir:ro,Z" "-v" "/var/lib/crater-agent-workspace/cargo-home:/opt/rustwide/cargo-home:ro,Z" "-v" "/var/lib/crater-agent-workspace/rustup-home:/opt/rustwide/rustup-home:ro,Z" "-e" "SOURCE_DIR=/opt/rustwide/workdir" "-e" "CARGO_TARGET_DIR=/opt/rustwide/target" "-e" "CARGO_INCREMENTAL=0" "-e" "RUST_BACKTRACE=full" "-e" "RUSTFLAGS=--cap-lints=forbid" "-e" "CARGO_HOME=/opt/rustwide/cargo-home" "-e" "RUSTUP_HOME=/opt/rustwide/rustup-home" "-w" "/opt/rustwide/workdir" "-m" "1610612736" "--user" "0:0" "--network" "none" "ghcr.io/rust-lang/crates-build-env/linux@sha256:20528e8c29e4536546f0102ce88568b16ea7538393a33fcca951030f7af10457" "/opt/rustwide/cargo-home/bin/cargo" "+881c1ac408d93bb7adaa3a51dabab9266e82eee8" "build" "--frozen" "--message-format=json", kill_on_drop: false }`
[INFO] [stdout] f45e6d70bc4250ab2463d6d0cbc0acf71e6ce4a4434e366db6b27b4de5226c0c
[INFO] [stderr] WARNING: Your kernel does not support swap limit capabilities or the cgroup is not mounted. Memory limited without swap.
[INFO] running `Command { std: "docker" "start" "-a" "f45e6d70bc4250ab2463d6d0cbc0acf71e6ce4a4434e366db6b27b4de5226c0c", kill_on_drop: false }`
[INFO] [stderr]    Compiling num-traits v0.1.40
[INFO] [stderr]    Compiling lazy_static v0.2.11
[INFO] [stderr]    Compiling utf8-ranges v1.0.0
[INFO] [stderr]    Compiling log v0.3.8
[INFO] [stderr]    Compiling greenback v0.0.3
[INFO] [stderr]    Compiling memchr v2.0.1
[INFO] [stderr]    Compiling thread_local v0.3.4
[INFO] [stderr]    Compiling aho-corasick v0.6.4
[INFO] [stderr]    Compiling regex v0.2.3
[INFO] [stderr]    Compiling num-integer v0.1.35
[INFO] [stderr]    Compiling num-iter v0.1.34
[INFO] [stderr]    Compiling num v0.1.40
[INFO] [stderr]    Compiling chrono v0.4.0
[INFO] [stderr]    Compiling env_logger v0.4.3
[INFO] [stderr]    Compiling assassin v0.1.0 (/opt/rustwide/workdir)
[INFO] [stdout] warning: trait objects without an explicit `dyn` are deprecated
[INFO] [stdout]   --> src/assassin/broker.rs:22:30
[INFO] [stdout]    |
[INFO] [stdout] 22 |     commission_schedule: Box<Commission>,
[INFO] [stdout]    |                              ^^^^^^^^^^ help: use `dyn`: `dyn Commission`
[INFO] [stdout]    |
[INFO] [stdout]    = note: `#[warn(bare_trait_objects)]` on by default
[INFO] [stdout]    = warning: this was previously accepted by the compiler but is being phased out; it will become a hard error in the 2021 edition!
[INFO] [stdout]    = note: for more information, see issue #80165 <https://github.com/rust-lang/rust/issues/80165>
[INFO] [stdout] 
[INFO] [stdout] 
[INFO] [stdout] warning: trait objects without an explicit `dyn` are deprecated
[INFO] [stdout]   --> src/assassin/broker.rs:24:20
[INFO] [stdout]    |
[INFO] [stdout] 24 |     data_feed: Box<DataFeed>,
[INFO] [stdout]    |                    ^^^^^^^^ help: use `dyn`: `dyn DataFeed`
[INFO] [stdout]    |
[INFO] [stdout]    = warning: this was previously accepted by the compiler but is being phased out; it will become a hard error in the 2021 edition!
[INFO] [stdout]    = note: for more information, see issue #80165 <https://github.com/rust-lang/rust/issues/80165>
[INFO] [stdout] 
[INFO] [stdout] 
[INFO] [stdout] warning: trait objects without an explicit `dyn` are deprecated
[INFO] [stdout]   --> src/assassin/broker.rs:46:34
[INFO] [stdout]    |
[INFO] [stdout] 46 |         commission_schedule: Box<Commission>,
[INFO] [stdout]    |                                  ^^^^^^^^^^ help: use `dyn`: `dyn Commission`
[INFO] [stdout]    |
[INFO] [stdout]    = warning: this was previously accepted by the compiler but is being phased out; it will become a hard error in the 2021 edition!
[INFO] [stdout]    = note: for more information, see issue #80165 <https://github.com/rust-lang/rust/issues/80165>
[INFO] [stdout] 
[INFO] [stdout] 
[INFO] [stdout] warning: trait objects without an explicit `dyn` are deprecated
[INFO] [stdout]   --> src/assassin/broker.rs:47:24
[INFO] [stdout]    |
[INFO] [stdout] 47 |         data_feed: Box<DataFeed>,
[INFO] [stdout]    |                        ^^^^^^^^ help: use `dyn`: `dyn DataFeed`
[INFO] [stdout]    |
[INFO] [stdout]    = warning: this was previously accepted by the compiler but is being phased out; it will become a hard error in the 2021 edition!
[INFO] [stdout]    = note: for more information, see issue #80165 <https://github.com/rust-lang/rust/issues/80165>
[INFO] [stdout] 
[INFO] [stdout] 
[INFO] [stdout] warning: trait objects without an explicit `dyn` are deprecated
[INFO] [stdout]   --> src/assassin/simulation.rs:11:16
[INFO] [stdout]    |
[INFO] [stdout] 11 |     model: Box<Model>,
[INFO] [stdout]    |                ^^^^^ help: use `dyn`: `dyn Model`
[INFO] [stdout]    |
[INFO] [stdout]    = warning: this was previously accepted by the compiler but is being phased out; it will become a hard error in the 2021 edition!
[INFO] [stdout]    = note: for more information, see issue #80165 <https://github.com/rust-lang/rust/issues/80165>
[INFO] [stdout] 
[INFO] [stdout] 
[INFO] [stdout] warning: trait objects without an explicit `dyn` are deprecated
[INFO] [stdout]   --> src/assassin/simulation.rs:21:27
[INFO] [stdout]    |
[INFO] [stdout] 21 |     pub fn new(model: Box<Model>, broker: Box<Broker>) -> Simulation {
[INFO] [stdout]    |                           ^^^^^ help: use `dyn`: `dyn Model`
[INFO] [stdout]    |
[INFO] [stdout]    = warning: this was previously accepted by the compiler but is being phased out; it will become a hard error in the 2021 edition!
[INFO] [stdout]    = note: for more information, see issue #80165 <https://github.com/rust-lang/rust/issues/80165>
[INFO] [stdout] 
[INFO] [stdout] 
[INFO] [stdout] warning: anonymous parameters are deprecated and will be removed in the next edition.
[INFO] [stdout]   --> src/assassin/traits.rs:10:30
[INFO] [stdout]    |
[INFO] [stdout] 10 |     fn commission_for(&self, &FilledOrder) -> Money;
[INFO] [stdout]    |                              ^^^^^^^^^^^^ help: try naming the parameter or explicitly ignoring it: `_: &FilledOrder`
[INFO] [stdout]    |
[INFO] [stdout]    = note: `#[warn(anonymous_parameters)]` on by default
[INFO] [stdout]    = warning: this was previously accepted by the compiler but is being phased out; it will become a hard error in the 2018 edition!
[INFO] [stdout]    = note: for more information, see issue #41686 <https://github.com/rust-lang/rust/issues/41686>
[INFO] [stdout] 
[INFO] [stdout] 
[INFO] [stdout] warning: anonymous parameters are deprecated and will be removed in the next edition.
[INFO] [stdout]   --> src/assassin/traits.rs:19:37
[INFO] [stdout]    |
[INFO] [stdout] 19 |     fn before_simulation(&mut self, &Broker);
[INFO] [stdout]    |                                     ^^^^^^^ help: try naming the parameter or explicitly ignoring it: `_: &Broker`
[INFO] [stdout]    |
[INFO] [stdout]    = warning: this was previously accepted by the compiler but is being phased out; it will become a hard error in the 2018 edition!
[INFO] [stdout]    = note: for more information, see issue #41686 <https://github.com/rust-lang/rust/issues/41686>
[INFO] [stdout] 
[INFO] [stdout] 
[INFO] [stdout] warning: anonymous parameters are deprecated and will be removed in the next edition.
[INFO] [stdout]   --> src/assassin/traits.rs:20:36
[INFO] [stdout]    |
[INFO] [stdout] 20 |     fn after_simulation(&mut self, &Broker);
[INFO] [stdout]    |                                    ^^^^^^^ help: try naming the parameter or explicitly ignoring it: `_: &Broker`
[INFO] [stdout]    |
[INFO] [stdout]    = warning: this was previously accepted by the compiler but is being phased out; it will become a hard error in the 2018 edition!
[INFO] [stdout]    = note: for more information, see issue #41686 <https://github.com/rust-lang/rust/issues/41686>
[INFO] [stdout] 
[INFO] [stdout] 
[INFO] [stdout] warning: anonymous parameters are deprecated and will be removed in the next edition.
[INFO] [stdout]   --> src/assassin/traits.rs:21:29
[INFO] [stdout]    |
[INFO] [stdout] 21 |     fn run_logic(&mut self, &Broker) -> Vec<Order>;
[INFO] [stdout]    |                             ^^^^^^^ help: try naming the parameter or explicitly ignoring it: `_: &Broker`
[INFO] [stdout]    |
[INFO] [stdout]    = warning: this was previously accepted by the compiler but is being phased out; it will become a hard error in the 2018 edition!
[INFO] [stdout]    = note: for more information, see issue #41686 <https://github.com/rust-lang/rust/issues/41686>
[INFO] [stdout] 
[INFO] [stdout] 
[INFO] [stdout] warning: anonymous parameters are deprecated and will be removed in the next edition.
[INFO] [stdout]   --> src/assassin/traits.rs:22:31
[INFO] [stdout]    |
[INFO] [stdout] 22 |     fn show_bod_header(&self, &Broker);
[INFO] [stdout]    |                               ^^^^^^^ help: try naming the parameter or explicitly ignoring it: `_: &Broker`
[INFO] [stdout]    |
[INFO] [stdout]    = warning: this was previously accepted by the compiler but is being phased out; it will become a hard error in the 2018 edition!
[INFO] [stdout]    = note: for more information, see issue #41686 <https://github.com/rust-lang/rust/issues/41686>
[INFO] [stdout] 
[INFO] [stdout] 
[INFO] [stdout] warning: anonymous parameters are deprecated and will be removed in the next edition.
[INFO] [stdout]   --> src/assassin/traits.rs:23:32
[INFO] [stdout]    |
[INFO] [stdout] 23 |     fn show_eod_summary(&self, &Broker);
[INFO] [stdout]    |                                ^^^^^^^ help: try naming the parameter or explicitly ignoring it: `_: &Broker`
[INFO] [stdout]    |
[INFO] [stdout]    = warning: this was previously accepted by the compiler but is being phased out; it will become a hard error in the 2018 edition!
[INFO] [stdout]    = note: for more information, see issue #41686 <https://github.com/rust-lang/rust/issues/41686>
[INFO] [stdout] 
[INFO] [stdout] 
[INFO] [stdout] warning: field is never read: `final_unrealized_account_balance`
[INFO] [stdout]   --> src/assassin/broker.rs:37:5
[INFO] [stdout]    |
[INFO] [stdout] 37 |     final_unrealized_account_balance: Money,
[INFO] [stdout]    |     ^^^^^^^^^^^^^^^^^^^^^^^^^^^^^^^^^^^^^^^
[INFO] [stdout]    |
[INFO] [stdout]    = note: `#[warn(dead_code)]` on by default
[INFO] [stdout] 
[INFO] [stdout] 
[INFO] [stdout] warning: associated function is never used: `margin_requirement`
[INFO] [stdout]    --> src/assassin/filled_order.rs:106:12
[INFO] [stdout]     |
[INFO] [stdout] 106 |     pub fn margin_requirement(&self, price: Money) -> Money {
[INFO] [stdout]     |            ^^^^^^^^^^^^^^^^^^
[INFO] [stdout] 
[INFO] [stdout] 
[INFO] [stdout] warning: associated function is never used: `is_sell`
[INFO] [stdout]    --> src/assassin/filled_order.rs:118:12
[INFO] [stdout]     |
[INFO] [stdout] 118 |     pub fn is_sell(&self) -> bool {
[INFO] [stdout]     |            ^^^^^^^
[INFO] [stdout] 
[INFO] [stdout] 
[INFO] [stdout] warning: associated function is never used: `buy_to_open`
[INFO] [stdout]    --> src/assassin/filled_order.rs:122:12
[INFO] [stdout]     |
[INFO] [stdout] 122 |     pub fn buy_to_open(&self) -> bool {
[INFO] [stdout]     |            ^^^^^^^^^^^
[INFO] [stdout] 
[INFO] [stdout] 
[INFO] [stdout] warning: associated function is never used: `sell_to_open`
[INFO] [stdout]    --> src/assassin/filled_order.rs:126:12
[INFO] [stdout]     |
[INFO] [stdout] 126 |     pub fn sell_to_open(&self) -> bool {
[INFO] [stdout]     |            ^^^^^^^^^^^^
[INFO] [stdout] 
[INFO] [stdout] 
[INFO] [stdout] warning: associated function is never used: `sell_to_close`
[INFO] [stdout]    --> src/assassin/filled_order.rs:134:12
[INFO] [stdout]     |
[INFO] [stdout] 134 |     pub fn sell_to_close(&self) -> bool {
[INFO] [stdout]     |            ^^^^^^^^^^^^^
[INFO] [stdout] 
[INFO] [stdout] 
[INFO] [stdout] warning: associated function is never used: `is_close`
[INFO] [stdout]    --> src/assassin/filled_order.rs:142:12
[INFO] [stdout]     |
[INFO] [stdout] 142 |     pub fn is_close(&self) -> bool {
[INFO] [stdout]     |            ^^^^^^^^
[INFO] [stdout] 
[INFO] [stdout] 
[INFO] [stdout] warning: associated function is never used: `is_sell`
[INFO] [stdout]   --> src/assassin/order.rs:25:12
[INFO] [stdout]    |
[INFO] [stdout] 25 |     pub fn is_sell(&self) -> bool {
[INFO] [stdout]    |            ^^^^^^^
[INFO] [stdout] 
[INFO] [stdout] 
[INFO] [stdout] warning: associated function is never used: `buy_to_open`
[INFO] [stdout]    --> src/assassin/order.rs:103:12
[INFO] [stdout]     |
[INFO] [stdout] 103 |     pub fn buy_to_open(&self) -> bool {
[INFO] [stdout]     |            ^^^^^^^^^^^
[INFO] [stdout] 
[INFO] [stdout] 
[INFO] [stdout] warning: associated function is never used: `sell_to_open`
[INFO] [stdout]    --> src/assassin/order.rs:107:12
[INFO] [stdout]     |
[INFO] [stdout] 107 |     pub fn sell_to_open(&self) -> bool {
[INFO] [stdout]     |            ^^^^^^^^^^^^
[INFO] [stdout] 
[INFO] [stdout] 
[INFO] [stdout] warning: associated function is never used: `sell_to_close`
[INFO] [stdout]    --> src/assassin/order.rs:115:12
[INFO] [stdout]     |
[INFO] [stdout] 115 |     pub fn sell_to_close(&self) -> bool {
[INFO] [stdout]     |            ^^^^^^^^^^^^^
[INFO] [stdout] 
[INFO] [stdout] 
[INFO] [stdout] warning: associated function is never used: `is_close`
[INFO] [stdout]    --> src/assassin/order.rs:123:12
[INFO] [stdout]     |
[INFO] [stdout] 123 |     pub fn is_close(&self) -> bool {
[INFO] [stdout]     |            ^^^^^^^^
[INFO] [stdout] 
[INFO] [stdout] 
[INFO] [stdout] warning: associated function is never used: `margin_requirement`
[INFO] [stdout]    --> src/assassin/order.rs:127:12
[INFO] [stdout]     |
[INFO] [stdout] 127 |     pub fn margin_requirement(&self, price: Money) -> Money {
[INFO] [stdout]     |            ^^^^^^^^^^^^^^^^^^
[INFO] [stdout] 
[INFO] [stdout] 
[INFO] [stderr]     Finished dev [unoptimized + debuginfo] target(s) in 8.55s
[INFO] [stdout] warning: 25 warnings emitted
[INFO] [stdout] 
[INFO] [stdout] 
[INFO] running `Command { std: "docker" "inspect" "f45e6d70bc4250ab2463d6d0cbc0acf71e6ce4a4434e366db6b27b4de5226c0c", kill_on_drop: false }`
[INFO] running `Command { std: "docker" "rm" "-f" "f45e6d70bc4250ab2463d6d0cbc0acf71e6ce4a4434e366db6b27b4de5226c0c", kill_on_drop: false }`
[INFO] [stdout] f45e6d70bc4250ab2463d6d0cbc0acf71e6ce4a4434e366db6b27b4de5226c0c
[INFO] running `Command { std: "docker" "create" "-v" "/var/lib/crater-agent-workspace/builds/worker-12/target:/opt/rustwide/target:rw,Z" "-v" "/var/lib/crater-agent-workspace/builds/worker-12/source:/opt/rustwide/workdir:ro,Z" "-v" "/var/lib/crater-agent-workspace/cargo-home:/opt/rustwide/cargo-home:ro,Z" "-v" "/var/lib/crater-agent-workspace/rustup-home:/opt/rustwide/rustup-home:ro,Z" "-e" "SOURCE_DIR=/opt/rustwide/workdir" "-e" "CARGO_TARGET_DIR=/opt/rustwide/target" "-e" "CARGO_INCREMENTAL=0" "-e" "RUST_BACKTRACE=full" "-e" "RUSTFLAGS=--cap-lints=forbid" "-e" "CARGO_HOME=/opt/rustwide/cargo-home" "-e" "RUSTUP_HOME=/opt/rustwide/rustup-home" "-w" "/opt/rustwide/workdir" "-m" "1610612736" "--user" "0:0" "--network" "none" "ghcr.io/rust-lang/crates-build-env/linux@sha256:20528e8c29e4536546f0102ce88568b16ea7538393a33fcca951030f7af10457" "/opt/rustwide/cargo-home/bin/cargo" "+881c1ac408d93bb7adaa3a51dabab9266e82eee8" "test" "--frozen" "--no-run" "--message-format=json", kill_on_drop: false }`
[INFO] [stdout] cae6d4188c4159cc6d341f4d02401c1edc7d0e9e4ad964a1c38afe8215b2a1d6
[INFO] [stderr] WARNING: Your kernel does not support swap limit capabilities or the cgroup is not mounted. Memory limited without swap.
[INFO] running `Command { std: "docker" "start" "-a" "cae6d4188c4159cc6d341f4d02401c1edc7d0e9e4ad964a1c38afe8215b2a1d6", kill_on_drop: false }`
[INFO] [stderr]     Blocking waiting for file lock on package cache
[INFO] [stderr]    Compiling assassin v0.1.0 (/opt/rustwide/workdir)
[INFO] [stdout] error[E0433]: failed to resolve: use of undeclared type `Utc`
[INFO] [stdout]    --> src/assassin/order.rs:162:13
[INFO] [stdout]     |
[INFO] [stdout] 162 |             Utc::now(),           // expiration date
[INFO] [stdout]     |             ^^^ not found in this scope
[INFO] [stdout]     |
[INFO] [stdout] help: consider importing this struct
[INFO] [stdout]     |
[INFO] [stdout] 157 |     use assassin::models::pmcc::Utc;
[INFO] [stdout]     |
[INFO] [stdout] 
[INFO] [stdout] 
[INFO] [stdout] error[E0433]: failed to resolve: use of undeclared type `Utc`
[INFO] [stdout]    --> src/assassin/order.rs:175:13
[INFO] [stdout]     |
[INFO] [stdout] 175 |             Utc::now(),           // date (of quote)
[INFO] [stdout]     |             ^^^ not found in this scope
[INFO] [stdout]     |
[INFO] [stdout] help: consider importing this struct
[INFO] [stdout]     |
[INFO] [stdout] 157 |     use assassin::models::pmcc::Utc;
[INFO] [stdout]     |
[INFO] [stdout] 
[INFO] [stdout] 
[INFO] [stdout] error[E0433]: failed to resolve: use of undeclared type `Utc`
[INFO] [stdout]    --> src/assassin/order.rs:191:31
[INFO] [stdout]     |
[INFO] [stdout] 191 |             filled_date: Some(Utc::now()),
[INFO] [stdout]     |                               ^^^ not found in this scope
[INFO] [stdout]     |
[INFO] [stdout] help: consider importing this struct
[INFO] [stdout]     |
[INFO] [stdout] 157 |     use assassin::models::pmcc::Utc;
[INFO] [stdout]     |
[INFO] [stdout] 
[INFO] [stdout] 
[INFO] [stdout] error[E0425]: cannot find function `dummy_quote` in this scope
[INFO] [stdout]    --> src/assassin/position.rs:167:19
[INFO] [stdout]     |
[INFO] [stdout] 167 |         let foo = dummy_quote();
[INFO] [stdout]     |                   ^^^^^^^^^^^ not found in this scope
[INFO] [stdout]     |
[INFO] [stdout] help: consider importing this function
[INFO] [stdout]     |
[INFO] [stdout] 163 |     use assassin::order::tests::dummy_quote;
[INFO] [stdout]     |
[INFO] [stdout] 
[INFO] [stdout] 
[INFO] [stdout] warning: trait objects without an explicit `dyn` are deprecated
[INFO] [stdout]   --> src/assassin/broker.rs:22:30
[INFO] [stdout]    |
[INFO] [stdout] 22 |     commission_schedule: Box<Commission>,
[INFO] [stdout]    |                              ^^^^^^^^^^ help: use `dyn`: `dyn Commission`
[INFO] [stdout]    |
[INFO] [stdout]    = note: `#[warn(bare_trait_objects)]` on by default
[INFO] [stdout]    = warning: this was previously accepted by the compiler but is being phased out; it will become a hard error in the 2021 edition!
[INFO] [stdout]    = note: for more information, see issue #80165 <https://github.com/rust-lang/rust/issues/80165>
[INFO] [stdout] 
[INFO] [stdout] 
[INFO] [stdout] warning: trait objects without an explicit `dyn` are deprecated
[INFO] [stdout]   --> src/assassin/broker.rs:24:20
[INFO] [stdout]    |
[INFO] [stdout] 24 |     data_feed: Box<DataFeed>,
[INFO] [stdout]    |                    ^^^^^^^^ help: use `dyn`: `dyn DataFeed`
[INFO] [stdout]    |
[INFO] [stdout]    = warning: this was previously accepted by the compiler but is being phased out; it will become a hard error in the 2021 edition!
[INFO] [stdout]    = note: for more information, see issue #80165 <https://github.com/rust-lang/rust/issues/80165>
[INFO] [stdout] 
[INFO] [stdout] 
[INFO] [stdout] warning: trait objects without an explicit `dyn` are deprecated
[INFO] [stdout]   --> src/assassin/broker.rs:46:34
[INFO] [stdout]    |
[INFO] [stdout] 46 |         commission_schedule: Box<Commission>,
[INFO] [stdout]    |                                  ^^^^^^^^^^ help: use `dyn`: `dyn Commission`
[INFO] [stdout]    |
[INFO] [stdout]    = warning: this was previously accepted by the compiler but is being phased out; it will become a hard error in the 2021 edition!
[INFO] [stdout]    = note: for more information, see issue #80165 <https://github.com/rust-lang/rust/issues/80165>
[INFO] [stdout] 
[INFO] [stdout] 
[INFO] [stdout] warning: trait objects without an explicit `dyn` are deprecated
[INFO] [stdout]   --> src/assassin/broker.rs:47:24
[INFO] [stdout]    |
[INFO] [stdout] 47 |         data_feed: Box<DataFeed>,
[INFO] [stdout]    |                        ^^^^^^^^ help: use `dyn`: `dyn DataFeed`
[INFO] [stdout]    |
[INFO] [stdout]    = warning: this was previously accepted by the compiler but is being phased out; it will become a hard error in the 2021 edition!
[INFO] [stdout]    = note: for more information, see issue #80165 <https://github.com/rust-lang/rust/issues/80165>
[INFO] [stdout] 
[INFO] [stdout] 
[INFO] [stdout] warning: unused import: `super::*`
[INFO] [stdout]    --> src/assassin/position.rs:163:9
[INFO] [stdout]     |
[INFO] [stdout] 163 |     use super::*;
[INFO] [stdout]     |         ^^^^^^^^
[INFO] [stdout]     |
[INFO] [stdout]     = note: `#[warn(unused_imports)]` on by default
[INFO] [stdout] 
[INFO] [stdout] 
[INFO] [stdout] warning: trait objects without an explicit `dyn` are deprecated
[INFO] [stdout]   --> src/assassin/simulation.rs:11:16
[INFO] [stdout]    |
[INFO] [stdout] 11 |     model: Box<Model>,
[INFO] [stdout]    |                ^^^^^ help: use `dyn`: `dyn Model`
[INFO] [stdout]    |
[INFO] [stdout]    = warning: this was previously accepted by the compiler but is being phased out; it will become a hard error in the 2021 edition!
[INFO] [stdout]    = note: for more information, see issue #80165 <https://github.com/rust-lang/rust/issues/80165>
[INFO] [stdout] 
[INFO] [stdout] 
[INFO] [stdout] warning: trait objects without an explicit `dyn` are deprecated
[INFO] [stdout]   --> src/assassin/simulation.rs:21:27
[INFO] [stdout]    |
[INFO] [stdout] 21 |     pub fn new(model: Box<Model>, broker: Box<Broker>) -> Simulation {
[INFO] [stdout]    |                           ^^^^^ help: use `dyn`: `dyn Model`
[INFO] [stdout]    |
[INFO] [stdout]    = warning: this was previously accepted by the compiler but is being phased out; it will become a hard error in the 2021 edition!
[INFO] [stdout]    = note: for more information, see issue #80165 <https://github.com/rust-lang/rust/issues/80165>
[INFO] [stdout] 
[INFO] [stdout] 
[INFO] [stdout] warning: anonymous parameters are deprecated and will be removed in the next edition.
[INFO] [stdout]   --> src/assassin/traits.rs:10:30
[INFO] [stdout]    |
[INFO] [stdout] 10 |     fn commission_for(&self, &FilledOrder) -> Money;
[INFO] [stdout]    |                              ^^^^^^^^^^^^ help: try naming the parameter or explicitly ignoring it: `_: &FilledOrder`
[INFO] [stdout]    |
[INFO] [stdout]    = note: `#[warn(anonymous_parameters)]` on by default
[INFO] [stdout]    = warning: this was previously accepted by the compiler but is being phased out; it will become a hard error in the 2018 edition!
[INFO] [stdout]    = note: for more information, see issue #41686 <https://github.com/rust-lang/rust/issues/41686>
[INFO] [stdout] 
[INFO] [stdout] 
[INFO] [stdout] warning: anonymous parameters are deprecated and will be removed in the next edition.
[INFO] [stdout]   --> src/assassin/traits.rs:19:37
[INFO] [stdout]    |
[INFO] [stdout] 19 |     fn before_simulation(&mut self, &Broker);
[INFO] [stdout]    |                                     ^^^^^^^ help: try naming the parameter or explicitly ignoring it: `_: &Broker`
[INFO] [stdout]    |
[INFO] [stdout]    = warning: this was previously accepted by the compiler but is being phased out; it will become a hard error in the 2018 edition!
[INFO] [stdout]    = note: for more information, see issue #41686 <https://github.com/rust-lang/rust/issues/41686>
[INFO] [stdout] 
[INFO] [stdout] 
[INFO] [stdout] warning: anonymous parameters are deprecated and will be removed in the next edition.
[INFO] [stdout]   --> src/assassin/traits.rs:20:36
[INFO] [stdout]    |
[INFO] [stdout] 20 |     fn after_simulation(&mut self, &Broker);
[INFO] [stdout]    |                                    ^^^^^^^ help: try naming the parameter or explicitly ignoring it: `_: &Broker`
[INFO] [stdout]    |
[INFO] [stdout]    = warning: this was previously accepted by the compiler but is being phased out; it will become a hard error in the 2018 edition!
[INFO] [stdout]    = note: for more information, see issue #41686 <https://github.com/rust-lang/rust/issues/41686>
[INFO] [stdout] 
[INFO] [stdout] 
[INFO] [stdout] warning: anonymous parameters are deprecated and will be removed in the next edition.
[INFO] [stdout]   --> src/assassin/traits.rs:21:29
[INFO] [stdout]    |
[INFO] [stdout] 21 |     fn run_logic(&mut self, &Broker) -> Vec<Order>;
[INFO] [stdout]    |                             ^^^^^^^ help: try naming the parameter or explicitly ignoring it: `_: &Broker`
[INFO] [stdout]    |
[INFO] [stdout]    = warning: this was previously accepted by the compiler but is being phased out; it will become a hard error in the 2018 edition!
[INFO] [stdout]    = note: for more information, see issue #41686 <https://github.com/rust-lang/rust/issues/41686>
[INFO] [stdout] 
[INFO] [stdout] 
[INFO] [stdout] warning: anonymous parameters are deprecated and will be removed in the next edition.
[INFO] [stdout]   --> src/assassin/traits.rs:22:31
[INFO] [stdout]    |
[INFO] [stdout] 22 |     fn show_bod_header(&self, &Broker);
[INFO] [stdout]    |                               ^^^^^^^ help: try naming the parameter or explicitly ignoring it: `_: &Broker`
[INFO] [stdout]    |
[INFO] [stdout]    = warning: this was previously accepted by the compiler but is being phased out; it will become a hard error in the 2018 edition!
[INFO] [stdout]    = note: for more information, see issue #41686 <https://github.com/rust-lang/rust/issues/41686>
[INFO] [stdout] 
[INFO] [stdout] 
[INFO] [stdout] warning: anonymous parameters are deprecated and will be removed in the next edition.
[INFO] [stdout]   --> src/assassin/traits.rs:23:32
[INFO] [stdout]    |
[INFO] [stdout] 23 |     fn show_eod_summary(&self, &Broker);
[INFO] [stdout]    |                                ^^^^^^^ help: try naming the parameter or explicitly ignoring it: `_: &Broker`
[INFO] [stdout]    |
[INFO] [stdout]    = warning: this was previously accepted by the compiler but is being phased out; it will become a hard error in the 2018 edition!
[INFO] [stdout]    = note: for more information, see issue #41686 <https://github.com/rust-lang/rust/issues/41686>
[INFO] [stdout] 
[INFO] [stdout] 
[INFO] [stdout] error[E0560]: struct `order::Order` has no field named `quote`
[INFO] [stdout]    --> src/assassin/order.rs:188:13
[INFO] [stdout]     |
[INFO] [stdout] 188 |             quote: Some(quote.clone()),
[INFO] [stdout]     |             ^^^^^ `order::Order` does not have this field
[INFO] [stdout]     |
[INFO] [stdout]     = note: available fields are: `symbol`, `name`, `buy`, `open`, `quantity` ... and 2 others
[INFO] [stdout] 
[INFO] [stdout] 
[INFO] [stdout] error[E0560]: struct `order::Order` has no field named `fill_price`
[INFO] [stdout]    --> src/assassin/order.rs:189:13
[INFO] [stdout]     |
[INFO] [stdout] 189 |             fill_price: Some(quote.ask()),
[INFO] [stdout]     |             ^^^^^^^^^^ `order::Order` does not have this field
[INFO] [stdout]     |
[INFO] [stdout]     = note: available fields are: `symbol`, `name`, `buy`, `open`, `quantity` ... and 2 others
[INFO] [stdout] 
[INFO] [stdout] 
[INFO] [stdout] error[E0560]: struct `order::Order` has no field named `commission`
[INFO] [stdout]    --> src/assassin/order.rs:190:13
[INFO] [stdout]     |
[INFO] [stdout] 190 |             commission: Some(Money::zero()),
[INFO] [stdout]     |             ^^^^^^^^^^ `order::Order` does not have this field
[INFO] [stdout]     |
[INFO] [stdout]     = note: available fields are: `symbol`, `name`, `buy`, `open`, `quantity` ... and 2 others
[INFO] [stdout] 
[INFO] [stdout] 
[INFO] [stdout] error[E0560]: struct `order::Order` has no field named `filled_date`
[INFO] [stdout]    --> src/assassin/order.rs:191:13
[INFO] [stdout]     |
[INFO] [stdout] 191 |             filled_date: Some(Utc::now()),
[INFO] [stdout]     |             ^^^^^^^^^^^ `order::Order` does not have this field
[INFO] [stdout]     |
[INFO] [stdout]     = note: available fields are: `symbol`, `name`, `buy`, `open`, `quantity` ... and 2 others
[INFO] [stdout] 
[INFO] [stdout] 
[INFO] [stdout] error[E0560]: struct `order::Order` has no field named `closed_by_broker`
[INFO] [stdout]    --> src/assassin/order.rs:192:13
[INFO] [stdout]     |
[INFO] [stdout] 192 |             closed_by_broker: false,
[INFO] [stdout]     |             ^^^^^^^^^^^^^^^^ `order::Order` does not have this field
[INFO] [stdout]     |
[INFO] [stdout]     = note: available fields are: `symbol`, `name`, `buy`, `open`, `quantity` ... and 2 others
[INFO] [stdout] 
[INFO] [stdout] 
[INFO] [stdout] error[E0599]: no method named `cost_basis` found for struct `order::Order` in the current scope
[INFO] [stdout]    --> src/assassin/order.rs:206:28
[INFO] [stdout]     |
[INFO] [stdout] 9   | pub struct Order {
[INFO] [stdout]     | ---------------- method `cost_basis` not found for this
[INFO] [stdout] ...
[INFO] [stdout] 206 |         let cost_basis = o.cost_basis();
[INFO] [stdout]     |                            ^^^^^^^^^^ method not found in `order::Order`
[INFO] [stdout] 
[INFO] [stdout] 
[INFO] [stdout] error[E0599]: no method named `unrealized_value` found for struct `order::Order` in the current scope
[INFO] [stdout]    --> src/assassin/order.rs:207:28
[INFO] [stdout]     |
[INFO] [stdout] 9   | pub struct Order {
[INFO] [stdout]     | ---------------- method `unrealized_value` not found for this
[INFO] [stdout] ...
[INFO] [stdout] 207 |         let unrealized = o.unrealized_value(&q1);
[INFO] [stdout]     |                            ^^^^^^^^^^^^^^^^ method not found in `order::Order`
[INFO] [stdout] 
[INFO] [stdout] 
[INFO] [stdout] error[E0599]: no method named `unrealized_value` found for struct `order::Order` in the current scope
[INFO] [stdout]    --> src/assassin/order.rs:208:24
[INFO] [stdout]     |
[INFO] [stdout] 9   | pub struct Order {
[INFO] [stdout]     | ---------------- method `unrealized_value` not found for this
[INFO] [stdout] ...
[INFO] [stdout] 208 |         let profit = o.unrealized_value(&q2) - o.cost_basis();
[INFO] [stdout]     |                        ^^^^^^^^^^^^^^^^ method not found in `order::Order`
[INFO] [stdout] 
[INFO] [stdout] 
[INFO] [stdout] error[E0599]: no method named `cost_basis` found for struct `order::Order` in the current scope
[INFO] [stdout]    --> src/assassin/order.rs:208:50
[INFO] [stdout]     |
[INFO] [stdout] 9   | pub struct Order {
[INFO] [stdout]     | ---------------- method `cost_basis` not found for this
[INFO] [stdout] ...
[INFO] [stdout] 208 |         let profit = o.unrealized_value(&q2) - o.cost_basis();
[INFO] [stdout]     |                                                  ^^^^^^^^^^ method not found in `order::Order`
[INFO] [stdout] 
[INFO] [stdout] 
[INFO] [stderr] error: could not compile `assassin`
[INFO] [stdout] error: aborting due to 13 previous errors; 13 warnings emitted
[INFO] [stdout] 
[INFO] [stdout] 
[INFO] [stderr] 
[INFO] [stdout] Some errors have detailed explanations: E0425, E0433, E0560, E0599.
[INFO] [stdout] 
[INFO] [stderr] To learn more, run the command again with --verbose.
[INFO] [stdout] For more information about an error, try `rustc --explain E0425`.
[INFO] [stdout] 
[INFO] running `Command { std: "docker" "inspect" "cae6d4188c4159cc6d341f4d02401c1edc7d0e9e4ad964a1c38afe8215b2a1d6", kill_on_drop: false }`
[INFO] running `Command { std: "docker" "rm" "-f" "cae6d4188c4159cc6d341f4d02401c1edc7d0e9e4ad964a1c38afe8215b2a1d6", kill_on_drop: false }`
[INFO] [stdout] cae6d4188c4159cc6d341f4d02401c1edc7d0e9e4ad964a1c38afe8215b2a1d6
